 Let a(f) = k*u(f) + 3*n(f). Let m = -255 - -257. Give a(m).
3
Let n be 11 + 0 - (18 - 15). Let w(m) = -m + 9. Give w(n).
1
Let w(s) = 8*s**2 + s. Let h be w(-1). Let q(b) = 0 - 1 + 0*b - b + 3*b - h*b**2. Suppose -5*f - j = -9, 5*f - j = -0*j + 1. Calculate q(f).
-6
Let o(t) = -t**3 + 13*t**2 + 15*t - 13. Let d be o(14). Let m(g) = -2*g - 3 + 1 - d - 3. Calculate m(-6).
6
Let k(i) = 3 + 38*i - 37*i + 5. Let a = -24 - -18. Determine k(a).
2
Suppose w + 13 = 2*o, 2*o + 3*o - 34 = 3*w. Let i = -8 - -9. Let v be w - (i - 4/4). Let f(q) = -q**3 - 3*q**2 + q + 3. What is f(v)?
0
Let b(z) = z**2 - z + 4. Let l(k) = -k**2 - 5 - k - 6*k + 13. Suppose 3*r + 11 = 3*q + 32, -2*q - 5*r = 21. Let u be l(q). What is b(u)?
4
Let u(q) = q**3 + 3*q**2 + 5*q - 2. Let z(n) = -n**3 - 2*n**2 - 3*n + 1. Let a(c) = -3*u(c) - 4*z(c). What is a(-3)?
-25
Suppose -1165*k = -1170*k. Let l(f) = f**2 - 2*f - 9. What is l(k)?
-9
Let f(w) = 12*w**3 - w**2 - w. Let u = 759 + -760. Give f(u).
-12
Let d(j) = -j**2 + 6*j + 4. Let p be d(6). Suppose 4*c - 2 = 5*i, 3*c - p*i = 5*c + 12. Let n(a) = -3 + 289*a**2 + 5 - 286*a**2. Determine n(c).
14
Let i(a) = a - 5*a**2 + 2*a**3 - 3*a**3 - 2 - 3*a. Suppose -31*d = -36*d - 10. Calculate i(d).
-10
Let x(f) = -3*f - 31. Let z(y) = 16*y + 163. Let u(j) = -11*x(j) - 2*z(j). What is u(-9)?
6
Let c(j) = -4*j. Suppose 3*s + 18 = 5*s. Let h = 5 - s. Let i be ((-6)/7)/(h/14). Determine c(i).
-12
Let h(p) be the second derivative of -7*p**5/20 + p**4/6 - p**2/2 - p. Let r = -5361 - -5362. Determine h(r).
-6
Let w be 5 - 0 - (-1 + 2). Let p be ((-2)/(-5))/(26/65) + 2. Suppose -5 = -p*z + w. Let o(g) = -7*g + 2. Determine o(z).
-19
Let g(i) = -101*i + 201. Let o be g(2). Let d(z) = 24*z**3 - z**2 + 1. Give d(o).
-24
Let t(q) = -q - 2. Suppose 15 = 8*z - 3*z, 2*z = 5*v + 21. Determine t(v).
1
Let m(z) = -z**2 + 3*z + 1. Let c be m(3). Let s(b) = 0*b + 2*b + 5 + c. Give s(-5).
-4
Let t = 1 + -1. Let h(x) = x**2 + t*x - 11 + 12 - 4*x - 4*x. What is h(7)?
-6
Suppose -205*f = -211*f - 12. Let l(j) = -3*j**3 + j**2 + 3*j + 1. Calculate l(f).
23
Let o(d) = -3*d**2 + 5*d - 5. Let s = -311 + 313. What is o(s)?
-7
Suppose 0 = -3*q - 21 + 9. Let i be (-2 - q) + 0/(-2). Let u(v) = -3*v**i - v - 2*v + 6 + 2*v**2. Calculate u(-5).
-4
Let n(y) = 11 - 9*y - y**2 - 3 + 13 + 2*y. Calculate n(-9).
3
Let w = 558 + -551. Let x(i) = -i**3 + 5*i**2 + 9*i + 8. Calculate x(w).
-27
Let y = 12 - 8. Suppose 0 = -5*s + 2*d + y, -5*d + 3*d = -3*s. Let z(b) = -s*b + 3*b - 6 + b**2 - 3*b. Determine z(5).
9
Let c(j) = -j**3 - 8*j**2 + 8*j - 9. Let a be c(-9). Let n = a + 6. Let y = 9 - n. Let b(t) = -2*t + 3. Calculate b(y).
-3
Let y(b) = -b + 1. Let h(q) = q + 12. Let j(m) = -h(m) + 2*y(m). Let k(v) = v + 3. Let t(n) = -6*j(n) - 17*k(n). What is t(-7)?
2
Let j(u) be the third derivative of u**6/120 + u**5/12 + u**4/6 + u**3/6 + u**2. Suppose 12 = 5*q - 3. Suppose q*a = -6*a - 27. Give j(a).
7
Let b(g) be the first derivative of g**4/4 + g**3/3 + g**2/2 + 2*g + 115. Let i(m) = m**3 - 3*m**2 - 2*m + 4. Let y be i(3). What is b(y)?
-4
Let h(k) = -k + 10. Let i(l) = 13*l**2 + 91*l + 5. Let s be i(-7). Determine h(s).
5
Let l(k) = 1 + 106*k + 3 - 94*k - 4 - 1. Calculate l(1).
11
Let c(d) = d**3 - d**2 + 2*d - 4. Let h be c(4). Let f = 58 - h. Let b(j) = -j**2 + 4*j + 7. Determine b(f).
-5
Let g(d) = 4*d - 2 + 3 - 6*d. Suppose 5*q + 2*f = 6 + 27, 2*q = -5*f + 30. Determine g(q).
-9
Let u(v) = v**3 - 2*v**2 + 7*v + 1. Let p(j) = 2*j**3 - j**2 + 8*j. Let i(h) = -2*p(h) + 3*u(h). Calculate i(-5).
3
Let o(p) be the third derivative of -p**4/8 - 2*p**3/3 + 2*p**2. Let g(s) = 4*s + 3. Let b(k) = -4*g(k) - 3*o(k). Let j be 1/(-2)*(-4 + 2). Determine b(j).
-7
Let y(x) = -x + 4. Let p = -19 - -17. Let j be y(p). Let v(d) = d**3 - 6*d**2 + 2. Give v(j).
2
Let i = 8 + -4. Suppose -4*g + 5*w = -80, 0 = 3*g - 5*w - 56 - 4. Suppose f = -i*f + g. Let z(t) = -t**2 + 6*t - 5. What is z(f)?
3
Suppose 17*b = -2*b - 11*b. Let n(x) = 3*x**3 + 2*x. Let s(f) = -13*f**3 - 9*f - 1. Let z(d) = 9*n(d) + 2*s(d). What is z(b)?
-2
Suppose 96 = 19*s - 35*s. Let t(j) = -3*j**3 - 5*j**2 + 10*j + 7. Let r(l) = -l**3 - 1. Let c(v) = 2*r(v) - t(v). Give c(s).
15
Let y(n) be the second derivative of 11*n**5/20 + n**3/6 - 128*n. Give y(-1).
-12
Let u(x) = -5187*x**2 - 3 + 5185*x**2 + 13. What is u(-3)?
-8
Let q(n) = 2*n**2 - n**2 + 3 + 3 + 9*n - n + 0*n**2. What is q(-6)?
-6
Let n(r) be the first derivative of 2*r**2 - 23*r - 897. Calculate n(6).
1
Let d be 5 + 2*(5 + -10). Let n(x) = -x**2 - 5*x - 2. What is n(d)?
-2
Let g(l) = -3*l**3 + 3*l**2 - 3*l + 3. Let r(y) = 4*y**3 - 3*y**2 + 4*y - 2. Let s(j) = 5*g(j) + 4*r(j). Give s(-3).
4
Let w(f) be the first derivative of -f**2/2 - f - 35. Let i be 0/3 + -1 - 1. What is w(i)?
1
Let x be (-2)/(-24)*-3*-4. Let d(b) be the first derivative of -11*b**3/3 + b**2/2 - 12. What is d(x)?
-10
Suppose 4*f = 24 - 4. Let g(s) = -2 + 0 + f + 0 - 6*s. Give g(3).
-15
Let d(q) = 2*q**3 - q**2. Let j(a) = 2*a**3 - 1. Let x(p) = -4*d(p) + 3*j(p). Suppose 0 = 4*z + 253 - 265. Give x(z).
-21
Let x(d) be the third derivative of d**4/24 - 2*d**3/3 - d**2. Let b be (-69)/10 + (-119)/1190. Calculate x(b).
-11
Let h be ((-3)/(-1) + -3)/(-2). Let d(z) be the first derivative of -1/2*z**2 - 6*z + 2 + 1/3*z**3. Calculate d(h).
-6
Let f(a) = a**2 + 8*a + 11. Let v = 117 + -112. Suppose -2*q + 1 = -5*t + 9, -55 = 5*q + v*t. What is f(q)?
20
Suppose -2*j - 4 = u - 3, -u - 9 = -2*j. Let o = 1 + j. Let m(y) = 4*y - 6*y**3 + 4*y**3 + y**o - 4 + 3*y**2. What is m(3)?
8
Let h(a) = -5*a**3 + 11*a**2 + 7*a + 16. Let k(c) = -6*c**3 + 11*c**2 + 6*c + 16. Let m(t) = 5*h(t) - 4*k(t). Give m(12).
4
Let a(q) = -q + 4. Let z be a(-6). Suppose -n - 4*n = -z. Let x(v) = -3*v. Let s(u) = -u**2 + 17*u + 1. Let j(w) = s(w) + 6*x(w). Give j(n).
-5
Let f(r) = -r**3 - r**2 - r + 2. Let u be f(0). Let p(b) = b + 2*b**u - b**2 + 1 + 0. Let w = -657 + 655. Determine p(w).
3
Let g(s) = s**2 - 50*s - 4 - 92*s + 151*s. Give g(-12).
32
Let a(k) = -24 + 42 - 17 + k. Suppose f - 2 = 3*o - 11, -5*f + 2*o - 6 = 0. Suppose 2*x - j - 1 = 0, -4*x + 4*j - 5*j + 5 = f. What is a(x)?
2
Let j(h) = -113*h**2 - 5*h - 4*h**3 - 4 + 108*h**2 + 5*h**3. Determine j(6).
2
Let p(r) = -8*r + 1. Suppose -8*c - 4 = -4*c. Let z(u) = 2*u**2 + 4*u + 3. Let w be z(c). What is p(w)?
-7
Let i(h) = -h**2 - 4*h + 2*h + 3*h + 5*h - 9. Let p be (-102)/(-15) - (-24)/(-30). Give i(p).
-9
Suppose 2*p = -3*p + 20. Let v = -1 + p. Suppose 8 = 4*z, 0*y - 5*y = v*z - 26. Let o(t) = 2*t - 6. Give o(y).
2
Let k(r) = -17*r**2 - 16*r + 10. Let j(u) = 20*u**2 + 17*u - 12. Let h(p) = 6*j(p) + 7*k(p). Calculate h(8).
-18
Let l(k) = 5*k**2 + 2*k + 1 - k**3 - 4*k**2 - 4*k**2. Suppose -2*x = -7*x - 20. Calculate l(x).
9
Let y(v) be the first derivative of 0*v**2 + 13 + 0*v + 1/3*v**3. Determine y(2).
4
Let w(l) = 3*l - 19. Let q = -49 - -58. Determine w(q).
8
Let v(w) = w - 4*w**2 + 7*w**2 + 0*w**2 - 4*w**2 + 1 - w**3. Suppose -1 = 4*c - 3*c. Determine v(c).
0
Let p(s) = 11*s**2 - 15*s - 5 - 18*s**2 + 6*s**2. Let m be p(-15). Let o(i) = 0*i**2 + 2*i + 4 - 3*i**2 + i**3 + 8*i**2 + 1. Give o(m).
-5
Let y(b) = b**3 - 6*b**2 + 5*b + 2. Suppose 25 = 53*w - 48*w. What is y(w)?
2
Let v(h) = -3*h - 1. Let w be v(-1). Let d(z) = 6*z + z**2 - 2*z**2 - 3 + 0*z**w. Let y be -20 - ((-345)/23 + -9). Calculate d(y).
5
Let g(v) be the first derivative of -v**6/360 - v**5/24 - v**4/4 - 2*v**3/3 - 17*v + 25. Let x(w) be the third derivative of g(w). Give x(-4).
-2
Let c(j) be the first derivative of j**4/4 + 8*j**3/3 + 4*j**2 - 4*j - 334. Determine c(-6).
20
Let k(j) = -6*j + 3. Let p(s) = 12*s**3 - 22*s**3 + 3*s**3 + 9*s**3 + 1 - 3*s**2 - s. Let b be p(2). Calculate k(b).
-15
Let b be (2 - (2 - -1))*(7 - 8)*-1. Let k(h) = 5*h**2 - 1 + 0*h - 5*h + 3*h. Determine k(b).
6
Let a(g) = g**2 + 8*g - 3. Let s = 123 + -131. Give a(s).
-3
Let x(s) = -10 - 12 + 29 - 2*s - 6 - 9. Let f(d) = d**3 + 7*d**2 + d + 1. Let t be f(-7). What is x(t)?
4
Let a = 20 + -18. Let h(w) = 2*w**2 + 5*w - 4. Let s(j) = 4*j**2 + 11*j - 9. Suppose 0 = 7*d - 9*d - 4. Let t(r) = d*s(r) + 5*h(r). What is t(a)?
12
Let c(q) = -q**3 + 2*q**2 + 7*q + 3. Suppose 5*v + 8*v = 52. What is c(v)?
-1
Let s(j) = -16*j + 7. Let n(x) = 34*x 